7, what is -23 + -2155?
-2211
In base 16, what is -2 + 109?
107
In base 2, what is 1010 - -100000111110?
100001001000
In base 16, what is 34f + 1?
350
In base 13, what is -96 - -1?
-95
In base 2, what is -1101 + 111100?
101111
In base 7, what is -10 + -21?
-31
In base 16, what is -267 + -3?
-26a
In base 6, what is 1100 - -340?
1440
In base 16, what is 6b4 - 5?
6af
In base 6, what is 4101 + 2?
4103
In base 6, what is 5322 + -5?
5313
In base 7, what is 2 - -332?
334
In base 9, what is 480 - 5?
474
In base 2, what is 1011 - -1111?
11010
In base 8, what is 0 - 105?
-105
In base 12, what is -4 - 104?
-108
In base 8, what is -734 - 63?
-1017
In base 3, what is 2 - -2100?
2102
In base 5, what is 21023 + -13?
21010
In base 13, what is -a9 + 4?
-a5
In base 2, what is -1010101 - 10?
-1010111
In base 10, what is -147 - -4?
-143
In base 8, what is -44 + 31?
-13
In base 3, what is 110 + 1100?
1210
In base 5, what is 31424 + -10?
31414
In base 10, what is -33 - -47?
14
In base 11, what is -1 + -358?
-359
In base 4, what is 2010 + 10?
2020
In base 15, what is 1b + -d?
d
In base 14, what is 495d + 2?
4961
In base 2, what is -100 + 100001010?
100000110
In base 16, what is 4 - -46?
4a
In base 4, what is 133 - -1330?
2123
In base 7, what is -2 - 156?
-161
In base 7, what is 3 - -166?
202
In base 3, what is -1 - 1012?
-1020
In base 12, what is -1 + -77?
-78
In base 16, what is -1 - 186f?
-1870
In base 14, what is 3 - 66?
-63
In base 8, what is -134 + -5?
-141
In base 8, what is -21216 - 5?
-21223
In base 8, what is 36377 - 3?
36374
In base 14, what is 2 - 5d?
-5b
In base 5, what is 330 + 12?
342
In base 9, what is 5 - -521?
526
In base 12, what is 16b55 + -1?
16b54
In base 13, what is 5c + -7?
55
In base 10, what is 56 + 4?
60
In base 13, what is c5 - 30?
95
In base 8, what is 13 + 21?
34
In base 15, what is 2 - -ec2?
ec4
In base 14, what is 17 + 92?
a9
In base 2, what is -10 - -10001?
1111
In base 3, what is 120012 - -100?
120112
In base 5, what is 1031 - -3?
1034
In base 7, what is -152045 + 0?
-152045
In base 2, what is 100110010111 - 11?
100110010100
In base 4, what is -110020 + 1?
-110013
In base 10, what is 4 - 1808?
-1804
In base 11, what is -1 - -10a2?
10a1
In base 14, what is 32b - -3?
330
In base 14, what is -12b - -5?
-126
In base 7, what is -2 - 1043?
-1045
In base 7, what is -4451 - 4?
-4455
In base 6, what is 325 + -4?
321
In base 5, what is 10 + 2401?
2411
In base 10, what is -8 + -272?
-280
In base 7, what is 6 + 13?
22
In base 14, what is 10 - 99?
-89
In base 8, what is 200 - 30?
150
In base 4, what is 3 + 101?
110
In base 7, what is 3 + -1005?
-1002
In base 15, what is 368 + -4?
364
In base 14, what is 6 - -ab?
b3
In base 11, what is 0 - -135?
135
In base 7, what is -15 - -256?
241
In base 11, what is 5 + -21?
-17
In base 13, what is 18 + -5?
13
In base 4, what is 332 - -121?
1113
In base 8, what is -1170 - -1?
-1167
In base 3, what is 10 + -2220?
-2210
In base 13, what is -57c + 0?
-57c
In base 4, what is 231 + 22?
313
In base 9, what is 8706 + 4?
8711
In base 9, what is -2 + 163?
161
In base 6, what is -25 + -15?
-44
In base 6, what is -1005 + -1?
-1010
In base 11, what is 0 - -315?
315
In base 15, what is 32 - 0?
32
In base 8, what is 30 + 6?
36
In base 12, what is 1015 - 2?
1013
In base 2, what is 1000011 - -1?
1000100
In base 8, what is 2 + -164?
-162
In base 9, what is 754 + -4?
750
In base 13, what is 5855 - 3?
5852
In base 8, what is 5 + 6005?
6012
In base 12, what is -b5 + -8?
-101
In base 14, what is 3 - -1cd?
1d2
In base 15, what is -1e - -13?
-b
In base 4, what is -2 - -11122?
11120
In base 6, what is -53405 - -3?
-53402
In base 16, what is 520 + 4?
524
In base 9, what is 3 - 143?
-140
In base 4, what is 10 + -13213?
-13203
In base 5, what is -3 - 421?
-424
In base 13, what is -2 + -a?
-c
In base 4, what is -123322 - 10?
-123332
In base 12, what is -2 + -3a?
-40
In base 2, what is -1010 - 101?
-1111
In base 5, what is 1 - -3233?
3234
In base 5, what is 241 - -212?
1003
In base 16, what is -8 + be?
b6
In base 2, what is 100 - -10100?
11000
In base 6, what is -2105 - -5?
-2100
In base 2, what is -10010 - -11010010100?
11010000010
In base 15, what is -4 - -17d?
179
In base 14, what is -a - -48?
3c
In base 12, what is -16 - 2?
-18
In base 8, what is 3 - 643?
-640
In base 12, what is a - 137?
-129
In base 14, what is 2 - -1b?
1d
In base 13, what is -115 - 18?
-130
In base 6, what is 33 - -545?
1022
In base 11, what is 87 - 5?
82
In base 11, what is -5 - -14?
a
In base 12, what is 3 + -44?
-41
In base 10, what is 1 - -636?
637
In base 11, what is -5 + 3273?
3269
In base 4, what is 21 - 11?
10
In base 10, what is 4 + -330?
-326
In base 13, what is -13b7 + 4?
-13b3
In base 2, what is -11111 + -111011?
-1011010
In base 8, what is -56 + 12?
-44
In base 11, what is 2079 - -1?
207a
In base 12, what is -2 - -247?
245
In base 10, what is 169 + -8?
161
In base 4, what is 102 + 303?
1011
In base 2, what is -100 - 0?
-100
In base 9, what is -1 - 1034?
-1035
In base 4, what is 1221 + -201?
1020
In base 16, what is -27 + -11a?
-141
In base 16, what is -727 - -4?
-723
In base 4, what is -10 + -23113?
-23123
In base 6, what is -2144 + -4?
-2152
In base 16, what is 2 + -bb6?
-bb4
In base 13, what is -3b9 + 2?
-3b7
In base 7, what is -45526 + -3?
-45532
In base 3, what is -12 - -200?
111
In base 12, what is 1 + -74?
-73
In base 11, what is -431 + 0?
-431
In base 11, what is 603 - -2?
605
In base 10, what is 0 - -34?
34
In base 5, what is -4 + -12034?
-12043
In base 16, what is -4f7 + 4?
-4f3
In base 9, what is 8062 + -1?
8061
In base 15, what is 3 - -21?
24
In base 13, what is 155 + -1?
154
In base 11, what is -5 + 142?
138
In base 11, what is -5 - -6?
1
In base 3, what is -1021211 - -10?
-1021201
In base 6, what is 13431 + 3?
13434
In base 6, what is 55 - 22?
33
In base 15, what is -38 + 22?
-16
In base 8, what is -21 + -447?
-470
In base 10, what is -15 - -382?
367
In base 6, what is 31 + -1054?
-1023
In base 13, what is 8 + 76?
81
In base 4, what is -11322 - -13?
-11303
In base 3, what is 20122101 + 1?
20122102
In base 5, what is -10 + -2034?
-2044
In base 11, what is 3296 - 1?
3295
In base 7, what is -1205 - 16?
-1224
In base 9, what is -4 - -56?
52
In base 11, what is 4 + 197?
1a0
In base 2, what is -10100 - -11?
-10001
In base 4, what is -123 - -200?
11
In base 14, what is -1 + -4?
-5
In base 3, what is 11022010 - -12?
11022022
In base 3, what is -2012110 + 10?
-2012100
In base 13, what is -c16 + 1?
-c15
In base 3, what is 101120211 - -2?
101120220
In base 12, what is -5 - 3a3?
-3a8
In base 16, what is ee + 1?
ef
In base 16, what is 9 - 278?
-26f
In base 4, what is 120013 - -21?
120100
In base 13, what is 350 - -4?
354
In base 9, what is -1257 + 10?
-1247
In base 6, what is -5 + -42?
-51
In base 4, what is -2 - -311?
303
In base 9, what is 0 + 70?
70
In base 6, what is -4 + 1?
-3
In base 4, what is -1 - -321?
320
In base 3, what is 10 - -21211101?
21211111
In base 5, what is 130 + -30?
100
In base 16, what is -2 + 15f3?
15f1
In base 15, what is 10e5 - -1?
10e6
In base 5, what is 2024 - 2?
2022
In base 13, what is 5 - 168b?
-1686
In base 7, what is -2662 - -5?
-2654
In base 8, what is -2 + 5?
3
In base 15, what is 3c6 + -12?
3b4
In base 11, what is -233 - 17?
-24a
In base 11, what is 4 + 14?
18
In base 10, what is 43 + -84?
-41
In base 11, what is 1 + 7?
8
In base 5, what is 20 - -433?
1003
In base 13, what is -b2c0 + 3?
-b2ba
In base 4, what is -10 - 13?
-23
In base 11, what is 7 + -38?
-31
In base 4, what is -2123 + -3?
-2132
In base 4, what is -120 + 1002?
222
In base 13, what is -24b - 0?
-24b
In base 11, what is 5 + -322?
-318
In base 3, what is 122210 + -22?
122111
In base 14, what is 0 + -10?
-10
In base 4, what is -130 - 2?
-132
In base 11, what is 133 + 3?
136
In base 13, what is -2712a - 2?
-2712c
In base 15, what is -1 + -a3?
-a4
In base 5, what is -2 + 22243?
22241
In base 10, what is 25 + -4?
21
In base 16, what is 1 + -eb?
-ea
In base 3, what is -222020 + -22?
-222112
In base 12, what is 21 - -1b?
40
In base 13, what is -2 - -967?
965
In base 5, what is 41213 + 1?
41214
In base 2, what is -11010 + 1000001111?
111110101
In base 14, what is 4 + -3bb?
-3b7
In base 12, what is -33 + -5?
-38
In base 15, what is 1e4 + -b?
1d8
In base 14, 